5012 and 43526700?
3948
Calculate the highest common divisor of 524 and 197679.
131
Calculate the greatest common factor of 26611726 and 16611.
113
Calculate the greatest common factor of 448085417 and 38.
19
Calculate the greatest common factor of 518740579 and 7.
7
Calculate the greatest common divisor of 52562497 and 59267.
611
What is the greatest common divisor of 786 and 70859079?
393
Calculate the highest common divisor of 1128 and 656940.
12
What is the greatest common factor of 748 and 5400780?
44
Calculate the greatest common divisor of 24111 and 3549960.
513
What is the highest common divisor of 196 and 727062?
98
Calculate the highest common factor of 3 and 144816.
3
What is the greatest common divisor of 1286217 and 6788664?
5337
What is the greatest common divisor of 99910939 and 219?
73
Calculate the greatest common factor of 167533589 and 289.
289
What is the greatest common divisor of 29780424 and 77400?
3096
What is the highest common divisor of 1209 and 9274611?
93
What is the greatest common factor of 24624 and 223848?
72
What is the highest common divisor of 435168394 and 47?
47
What is the highest common factor of 1105 and 338285380?
85
What is the greatest common divisor of 101689 and 105868?
1393
What is the highest common divisor of 36 and 914752890?
18
What is the greatest common divisor of 92 and 6615467?
23
Calculate the highest common divisor of 9842441 and 287.
7
What is the highest common factor of 160172125 and 2875?
125
Calculate the greatest common divisor of 192617895 and 30.
15
Calculate the highest common factor of 24 and 15667832.
8
What is the highest common factor of 5136 and 4518?
6
What is the greatest common divisor of 109439 and 2662?
11
What is the highest common factor of 10938 and 4062?
6
What is the greatest common divisor of 8729213 and 69?
23
Calculate the highest common divisor of 99651 and 1830121.
59
Calculate the highest common divisor of 9672 and 16149016.
3224
Calculate the greatest common divisor of 44725020 and 90.
30
Calculate the highest common divisor of 1268306 and 78.
26
Calculate the highest common divisor of 2563583 and 111265.
187
What is the greatest common factor of 684 and 274586024?
76
Calculate the highest common divisor of 22490624 and 1178.
62
What is the highest common factor of 8021 and 1642454?
617
What is the greatest common factor of 24217 and 311248?
397
What is the greatest common divisor of 61913150 and 25?
25
What is the greatest common divisor of 2340 and 43094520?
180
Calculate the greatest common divisor of 55981 and 18261757.
629
Calculate the greatest common factor of 746670080 and 2840.
2840
Calculate the greatest common factor of 4212 and 64358892.
468
What is the highest common factor of 9516 and 4675039512?
9516
What is the highest common factor of 76068903 and 2769?
213
What is the highest common divisor of 853678 and 111838?
562
Calculate the highest common factor of 612 and 39217980.
204
What is the highest common factor of 2184 and 1357902?
546
What is the highest common divisor of 149264 and 27376?
16
What is the greatest common factor of 4382 and 118427306?
626
What is the highest common divisor of 20237630 and 70?
70
What is the highest common divisor of 1392 and 1011408?
48
Calculate the highest common divisor of 44354151 and 171.
171
What is the greatest common factor of 248 and 13965128?
248
What is the highest common divisor of 7442103 and 1341?
447
What is the greatest common divisor of 186684 and 325428?
564
Calculate the highest common divisor of 12722991 and 8572.
2143
Calculate the highest common factor of 5824 and 4849.
13
What is the highest common factor of 213300 and 1844808?
948
Calculate the highest common factor of 716 and 27639748.
716
What is the highest common divisor of 220 and 29074628?
44
What is the highest common factor of 384 and 482172?
12
What is the greatest common factor of 3049740 and 3420?
180
What is the highest common factor of 3479389 and 1631?
233
Calculate the greatest common factor of 3320490 and 45.
15
What is the greatest common divisor of 2256506327 and 58?
29
What is the greatest common factor of 1272 and 822174?
6
Calculate the greatest common factor of 788795568 and 792.
792
What is the highest common factor of 52105 and 2301815?
3065
Calculate the greatest common factor of 21328 and 44419.
43
What is the highest common divisor of 40502 and 16824962?
154
What is the greatest common factor of 161076373 and 313?
313
Calculate the greatest common factor of 9519410 and 440.
10
What is the greatest common divisor of 1677848 and 120?
8
Calculate the greatest common divisor of 29559 and 2354808.
177
Calculate the highest common factor of 1269 and 2101716.
9
What is the highest common divisor of 41136020 and 11580?
3860
What is the highest common divisor of 515799 and 365454?
2313
What is the greatest common factor of 3863974 and 2?
2
What is the highest common factor of 87 and 377464812?
87
Calculate the highest common divisor of 15 and 1471701.
3
Calculate the highest common divisor of 2231 and 10123502.
97
What is the greatest common factor of 15 and 831931395?
15
What is the highest common factor of 2581 and 1516649?
89
What is the highest common factor of 2132853 and 6?
3
Calculate the greatest common factor of 147714 and 810.
6
What is the greatest common divisor of 28460 and 9760?
20
What is the greatest common divisor of 4577838 and 222?
6
Calculate the greatest common factor of 14 and 1194502134.
14
Calculate the highest common divisor of 1252 and 9667318.
626
Calculate the highest common factor of 13133875 and 1125.
125
Calculate the highest common factor of 1821296 and 6408.
712
What is the highest common divisor of 321999 and 8869?
181
What is the greatest common divisor of 1285326 and 176346?
1818
Calculate the highest common divisor of 270 and 26136.
54
Calculate the greatest common factor of 11301972 and 60.
12
Calculate the highest common divisor of 1645152 and 912.
48
Calculate the highest common divisor of 2800896 and 154.
14
Calculate the highest common factor of 120 and 173022.
6
Calculate the greatest common factor of 2292 and 56793468.
2292
What is the highest common factor of 654927133 and 7?
7
What is the greatest common factor of 12 and 85990260?
12
Calculate the greatest common divisor of 3700 and 1199402175.
925
Calculate the greatest common divisor of 5463792 and 3420.
684
What is the highest common factor of 114517 and 7752303?
4979
Calculate the highest common factor of 13580 and 6416200.
140
Calculate the highest common factor of 26410986 and 21.
21
What is the greatest common divisor of 25068538 and 213?
71
Calculate the greatest common divisor of 1323552 and 3128.
136
Calculate the greatest common divisor of 18721886 and 2416.
302
What is the greatest common factor of 308560 and 63800?
1160
What is the greatest common divisor of 1463457076 and 241?
241
What is the greatest common factor of 7768 and 271736?
8
What is the highest common divisor of 333202997 and 159?
53
Calculate the greatest common divisor of 44233934 and 2.
2
Calculate the greatest common divisor of 20244 and 216192.
12
What is the greatest common divisor of 14756 and 1366418?
62
What is the highest common divisor of 50540 and 6405?
35
Calculate the highest common factor of 960904 and 10220.
28
Calculate the highest common divisor of 4039671 and 2301.
177
Calculate the greatest common factor of 18 and 9223288.
2
What is the highest common divisor of 1536 and 30581088?
96
What is the highest common factor of 5512892 and 343?
49
Calculate the highest common factor of 391666149 and 274.
137
Calculate the highest common factor of 33513099 and 579.
579
What is the greatest common factor of 8327187 and 396?
99
What is the greatest common factor of 17109555 and 120?
15
What is the highest common factor of 89164102 and 5633?
131
Calculate the highest common divisor of 199792 and 5048.
8
What is the highest common factor of 75 and 8554935?
15
What is the highest common factor of 497 and 476561372?
497
Calculate the greatest common divisor of 81186 and 1393.
7
What is the highest common divisor of 3088 and 63464576?
3088
Calculate the greatest common divisor of 546 and 567623238.
546
What is the highest common factor of